926?
9
What is the tens digit of 4152963562?
6
What is the thousands digit of 118756119?
6
What is the ten thousands digit of 196081753?
8
What is the millions digit of 1018174363?
8
What is the tens digit of 3651596334?
3
What is the thousands digit of 249238229?
8
What is the tens digit of 4159609851?
5
What is the ten millions digit of 21481840?
2
What is the hundred millions digit of 106916761?
1
What is the tens digit of 20323893?
9
What is the hundred thousands digit of 308095130?
0
What is the tens digit of 434242379?
7
What is the thousands digit of 1195389287?
9
What is the hundreds digit of 172035713?
7
What is the billions digit of 3034584295?
3
What is the units digit of 2468105428?
8
What is the units digit of 31990196?
6
What is the ten thousands digit of 97184608?
8
What is the hundred millions digit of 724575107?
7
What is the units digit of 5419145817?
7
What is the ten millions digit of 31098814?
3
What is the thousands digit of 142591947?
1
What is the ten thousands digit of 40343451?
4
What is the hundreds digit of 868540015?
0
What is the hundreds digit of 1554844408?
4
What is the millions digit of 1297741580?
7
What is the units digit of 30776927?
7
What is the ten millions digit of 448143918?
4
What is the tens digit of 1197811652?
5
What is the hundreds digit of 279287582?
5
What is the ten millions digit of 2714523053?
1
What is the ten thousands digit of 65780975?
8
What is the hundred thousands digit of 467896860?
8
What is the thousands digit of 2505007877?
7
What is the hundred thousands digit of 120494136?
4
What is the units digit of 374614?
4
What is the ten millions digit of 17852320?
1
What is the ten millions digit of 362454407?
6
What is the hundred thousands digit of 223484153?
4
What is the hundreds digit of 30400627?
6
What is the units digit of 13950852?
2
What is the hundred millions digit of 603465595?
6
What is the units digit of 109814744?
4
What is the tens digit of 44961264?
6
What is the units digit of 171397162?
2
What is the hundred millions digit of 963728434?
9
What is the thousands digit of 2404864057?
4
What is the hundred millions digit of 7966832542?
9
What is the billions digit of 1718523012?
1
What is the ten thousands digit of 391188604?
8
What is the ten thousands digit of 1371815173?
1
What is the tens digit of 508949788?
8
What is the tens digit of 1517139098?
9
What is the units digit of 778926642?
2
What is the hundreds digit of 734540697?
6
What is the ten thousands digit of 37496698?
9
What is the ten thousands digit of 56327581?
2
What is the billions digit of 3194489436?
3
What is the tens digit of 27497007?
0
What is the hundred millions digit of 293794835?
2
What is the ten thousands digit of 4423060?
2
What is the units digit of 1619928014?
4
What is the thousands digit of 192941546?
1
What is the billions digit of 6022489400?
6
What is the ten millions digit of 56823494?
5
What is the units digit of 3584209762?
2
What is the ten thousands digit of 111484239?
8
What is the millions digit of 1600430272?
0
What is the thousands digit of 359238987?
8
What is the hundreds digit of 481304580?
5
What is the millions digit of 46118058?
6
What is the tens digit of 2665773232?
3
What is the ten thousands digit of 267340672?
4
What is the billions digit of 2673743723?
2
What is the units digit of 888049529?
9
What is the ten millions digit of 1498688352?
9
What is the units digit of 491309298?
8
What is the millions digit of 1888605728?
8
What is the hundred thousands digit of 2625292712?
2
What is the tens digit of 87616203?
0
What is the hundred millions digit of 247572688?
2
What is the thousands digit of 429753859?
3
What is the units digit of 387004746?
6
What is the millions digit of 51807065?
1
What is the hundreds digit of 2237093491?
4
What is the ten thousands digit of 1899826467?
2
What is the thousands digit of 1042653791?
3
What is the ten thousands digit of 49686060?
8
What is the units digit of 9576584982?
2
What is the hundred thousands digit of 30663885?
6
What is the ten millions digit of 23951407?
2
What is the hundreds digit of 22847736?
7
What is the hundreds digit of 230315808?
8
What is the hundred thousands digit of 452336?
4
What is the millions digit of 325014981?
5
What is the millions digit of 1435596166?
5
What is the units digit of 3647980171?
1
What is the hundreds digit of 506364837?
8
What is the units digit of 980381108?
8
What is the tens digit of 786364897?
9
What is the thousands digit of 620373053?
3
What is the tens digit of 25680601?
0
What is the tens digit of 384916952?
5
What is the ten thousands digit of 99728955?
2
What is the millions digit of 5401850732?
1
What is the tens digit of 21158595?
9
What is the thousands digit of 3206444416?
4
What is the hundred millions digit of 713020611?
7
What is the ten thousands digit of 509607743?
0
What is the tens digit of 833833213?
1
What is the millions digit of 109298620?
9
What is the ten millions digit of 1070634971?
7
What is the thousands digit of 16204670?
4
What is the hundred millions digit of 1046776666?
0
What is the billions digit of 1105980418?
1
What is the hundreds digit of 490813224?
2
What is the hundreds digit of 20558573?
5
What is the hundred millions digit of 317644436?
3
What is the ten thousands digit of 254982?
5
What is the tens digit of 75145818?
1
What is the millions digit of 3164350213?
4
What is the units digit of 503820932?
2
What is the hundred thousands digit of 409545273?
5
What is the ten thousands digit of 1613341840?
4
What is the millions digit of 51935585?
1
What is the ten millions digit of 21074942?
2
What is the hundred thousands digit of 75510083?
5
What is the ten millions digit of 88880132?
8
What is the tens digit of 49069390?
9
What is the hundred thousands digit of 407399160?
3
What is the thousands digit of 36500477?
0
What is the ten millions digit of 174559052?
7
What is the ten millions digit of 95966151?
9
What is the hundred thousands digit of 6205805239?
8
What is the hundred millions digit of 205677889?
2
What is the hundred thousands digit of 74965250?
9
What is the hundreds digit of 7616414?
4
What is the tens digit of 173837501?
0
What is the hundred millions digit of 3005669263?
0
What is the millions digit of 93514290?
3
What is the ten thousands digit of 537808961?
0
What is the tens digit of 2150321159?
5
What is the ten thousands digit of 53070091?
7
What is the hundreds digit of 30131910?
9
What is the units digit of 678738735?
5
What is the hundreds digit of 221379275?
2
What is the ten thousands digit of 41188946?
8
What is the units digit of 38390628?
8
What is the hundred thousands digit of 174609287?
6
What is the thousands digit of 756877014?
7
What is the tens digit of 3103207143?
4
What is the hundreds digit of 497210182?
1
What is the millions digit of 890719772?
0
What is the hundred thousands digit of 100861868?
8
What is the hundred thousands digit of 2721132?
7
What is the ten millions digit of 648361392?
4
What is the hundred thousands digit of 27835807?
8
What is the hundreds digit of 54225242?
2
What is the ten thousands digit of 248741116?
4
What is the ten thousands digit of 37948603?
4
What is the thousands digit of 41490609?
0
What is the millions digit of 36361729?
6
What is the units digit of 319486013?
3
What is the tens digit of 2215410315?
1
What is the hundreds digit of 103431779?
7
What is the thousands digit of 3321067019?
7
What is the ten thousands digit of 104071234?
7
What is the hundreds digit of 251619081?
0
What is the ten millions digit of 186707342?
8
What is the hundreds digit of 710412735?
7
What is the thousands digit of 1985630?
5
What is the units digit of 103998884?
4
What is the hundreds digit of 5340080049?
0
What is the hundred thousands digit of 51350547?
3
What is the tens digit of 258025971?
7
What is the ten thousands digit of 25514171?
1
What is the ten millions digit of 1482109024?
8
What is the hundreds digit of 58671476?
4
What is the hundreds digit of 175184908?
9
What is the ten millions digit of 1138791451?
3
What is the millions digit of 30101800?
0
What is the units digit of 146758253?
3
What is the units digit of 40041970?
0
What is the thousands digit of 34831722?
1
Wha